{"id":6,"date":"2022-08-23T20:43:13","date_gmt":"2022-08-23T20:43:13","guid":{"rendered":"https:\/\/luismaseda.com\/fma\/?page_id=6"},"modified":"2022-10-15T09:23:44","modified_gmt":"2022-10-15T09:23:44","slug":"inicio","status":"publish","type":"page","link":"https:\/\/luismaseda.com\/fma\/","title":{"rendered":"Inicio"},"content":{"rendered":"\n\t\t\t<div class=\"wp-block-uagb-post-carousel uagb-post-grid  uagb-post__image-position-top uagb-post__image-enabled uagb-block-9bcc179c     uagb-post__arrow-outside uagb-post__items uagb-post__columns-4 is-carousel uagb-post__columns-tablet-2 uagb-post__columns-mobile-1\" data-total=\"2\" style=\"\">\n\n\t\t\t\t\t\t\t\t\t\t\t\t<article class=\"uagb-post__inner-wrap\">\t\t\t\t\t\t\t\t<h4 class=\"uagb-post__title uagb-post__text\">\n\t\t\t\t<a href=\"https:\/\/luismaseda.com\/fma\/liga-2022-2023-distribucion-por-categorias\/\" target=\"_self\" rel=\"bookmark noopener noreferrer\">Liga 2022-2023 Distribuci\u00f3n por categor\u00edas<\/a>\n\t\t\t<\/h4>\n\t\t\t\t\t\t<div class='uagb-post__text uagb-post-grid-byline'>\n\t\t\t\t\t\t\t\t<time datetime=\"2022-10-15T09:18:57+00:00\" class=\"uagb-post__date\">\n\t\t\t\t<span class=\"dashicons-calendar dashicons\"><\/span>\t\t\t\t\t15\/10\/2022\t\t\t\t<\/time>\n\t\t\t\t\t\t<\/div>\n\t\t\t\t\t\t\t<div class='uagb-post__text uagb-post__excerpt'>\n\t\t\t\t\t<p>Campeonato de Liga por Equipos 2022\/2023 Distribuci\u00f3n de equipos por categor\u00edas<\/p>\n\t\t\t\t<\/div>\n\t\t\t\t\t\t<div class=\"uagb-post__text uagb-post__cta wp-block-button\">\n\t\t\t\t<a class=\"wp-block-button__link uagb-text-link\" href=\"https:\/\/luismaseda.com\/fma\/liga-2022-2023-distribucion-por-categorias\/\" target=\"_self\" rel=\"bookmark noopener noreferrer\">Leer m\u00e1s<\/a>\n\t\t\t<\/div>\n\t\t\t\n\t\t\t\t\t\t\t\t\t<\/article>\n\t\t\t\t\t\t\t\t\t\t\t\t\t\t\t\t<article class=\"uagb-post__inner-wrap\">\t\t\t\t\t\t\t\t<h4 class=\"uagb-post__title uagb-post__text\">\n\t\t\t\t<a href=\"https:\/\/luismaseda.com\/fma\/campeonato-de-madrid-de-ajedrez-rapido-por-equipos-2022-2023-rondas-1-2\/\" target=\"_self\" rel=\"bookmark noopener noreferrer\">Campeonato de Madrid de Ajedrez R\u00e1pido por Equipos 2022\/2023 &#8211; Rondas 1-2<\/a>\n\t\t\t<\/h4>\n\t\t\t\t\t\t<div class='uagb-post__text uagb-post-grid-byline'>\n\t\t\t\t\t\t\t\t<time datetime=\"2022-09-30T10:49:45+00:00\" class=\"uagb-post__date\">\n\t\t\t\t<span class=\"dashicons-calendar dashicons\"><\/span>\t\t\t\t\t30\/09\/2022\t\t\t\t<\/time>\n\t\t\t\t\t\t<\/div>\n\t\t\t\t\t\t\t<div class='uagb-post__text uagb-post__excerpt'>\n\t\t\t\t\t<p>Resultados y clasificaci\u00f3n tras las Rondas 1-2 de la Jornada 1<\/p>\n\t\t\t\t<\/div>\n\t\t\t\t\t\t<div class=\"uagb-post__text uagb-post__cta wp-block-button\">\n\t\t\t\t<a class=\"wp-block-button__link uagb-text-link\" href=\"https:\/\/luismaseda.com\/fma\/campeonato-de-madrid-de-ajedrez-rapido-por-equipos-2022-2023-rondas-1-2\/\" target=\"_self\" rel=\"bookmark noopener noreferrer\">Leer m\u00e1s<\/a>\n\t\t\t<\/div>\n\t\t\t\n\t\t\t\t\t\t\t\t\t<\/article>\n\t\t\t\t\t\t\t\t\t\t\t\t\t\t\t\t<article class=\"uagb-post__inner-wrap\">\t\t\t\t\t\t\t\t<h4 class=\"uagb-post__title uagb-post__text\">\n\t\t\t\t<a href=\"https:\/\/luismaseda.com\/fma\/cupon-de-la-once-2022-dedicado-al-ajedrez\/\" target=\"_self\" rel=\"bookmark noopener noreferrer\">Cup\u00f3n de la ONCE 2022 dedicado al ajedrez<\/a>\n\t\t\t<\/h4>\n\t\t\t\t\t\t<div class='uagb-post__text uagb-post-grid-byline'>\n\t\t\t\t\t\t\t\t<time datetime=\"2022-09-02T00:00:00+00:00\" class=\"uagb-post__date\">\n\t\t\t\t<span class=\"dashicons-calendar dashicons\"><\/span>\t\t\t\t\t02\/09\/2022\t\t\t\t<\/time>\n\t\t\t\t\t\t<\/div>\n\t\t\t\t\t\t\t<div class='uagb-post__text uagb-post__excerpt'>\n\t\t\t\t\t<p>La Federaci\u00f3n Madrile\u00f1a de Ajedrez ha participado en la presentaci\u00f3n de un cup\u00f3n especial en&#8230;\t\t\t\t<\/div>\n\t\t\t\t\t\t<div class=\"uagb-post__text uagb-post__cta wp-block-button\">\n\t\t\t\t<a class=\"wp-block-button__link uagb-text-link\" href=\"https:\/\/luismaseda.com\/fma\/cupon-de-la-once-2022-dedicado-al-ajedrez\/\" target=\"_self\" rel=\"bookmark noopener noreferrer\">Leer m\u00e1s<\/a>\n\t\t\t<\/div>\n\t\t\t\n\t\t\t\t\t\t\t\t\t<\/article>\n\t\t\t\t\t\t\t\t\t\t\t\t\t\t\t\t<article class=\"uagb-post__inner-wrap\">\t\t\t\t\t\t\t\t<h4 class=\"uagb-post__title uagb-post__text\">\n\t\t\t\t<a href=\"https:\/\/luismaseda.com\/fma\/impresos-temorada-2022-2023\/\" target=\"_self\" rel=\"bookmark noopener noreferrer\">Impresos temorada 2022-2023<\/a>\n\t\t\t<\/h4>\n\t\t\t\t\t\t<div class='uagb-post__text uagb-post-grid-byline'>\n\t\t\t\t\t\t\t\t<time datetime=\"2022-07-29T00:00:00+00:00\" class=\"uagb-post__date\">\n\t\t\t\t<span class=\"dashicons-calendar dashicons\"><\/span>\t\t\t\t\t29\/07\/2022\t\t\t\t<\/time>\n\t\t\t\t\t\t<\/div>\n\t\t\t\t\t\t\t<div class='uagb-post__text uagb-post__excerpt'>\n\t\t\t\t\t<p>Relaci\u00f3n de impresos y formularios para las distintas actividades oficiales de la Federaci\u00f3n Madrile\u00f1a de&#8230;\t\t\t\t<\/div>\n\t\t\t\t\t\t<div class=\"uagb-post__text uagb-post__cta wp-block-button\">\n\t\t\t\t<a class=\"wp-block-button__link uagb-text-link\" href=\"https:\/\/luismaseda.com\/fma\/impresos-temorada-2022-2023\/\" target=\"_self\" rel=\"bookmark noopener noreferrer\">Leer m\u00e1s<\/a>\n\t\t\t<\/div>\n\t\t\t\n\t\t\t\t\t\t\t\t\t<\/article>\n\t\t\t\t\t\t\t\t\t\t\t<\/div>\n\t\t\t\n\n\n<h2 class=\"has-text-align-center wp-block-heading\">Importante<\/h2>\n\n\n\n<div class=\"wp-block-columns is-layout-flex wp-container-core-columns-is-layout-9d6595d7 wp-block-columns-is-layout-flex\">\n<div class=\"wp-block-column is-layout-flow wp-block-column-is-layout-flow\">\n<h2 class=\"wp-block-heading\">Liga 2022-2023 Distribuci\u00f3n por categor\u00edas<\/h2>\n\n\n\n<p>Distribuci\u00f3n de equipos para el Campeonato de Liga por Equipos 2022\/2023<\/p>\n\n\n\n<p><a rel=\"noreferrer noopener\" href=\"https:\/\/www.ajedrezfma.com\/fma\/competiciones\/2022_2023\/liga\/Campeonato%20de%20Liga%20por%20Equipos%202223_Distribuci%C3%B3n%20por%20categorias.pdf\" target=\"_blank\">M\u00e1s informaci\u00f3n<\/a><\/p>\n<\/div>\n\n\n\n<div class=\"wp-block-column is-layout-flow wp-block-column-is-layout-flow\">\n<h3 class=\"wp-block-heading\">\u00bfC\u00f3mo federarse?<\/h3>\n\n\n\n<ul class=\"wp-block-list\"><li><a rel=\"noreferrer noopener\" href=\"https:\/\/www.ajedrezfma.com\/fma\/organiza\/20190719_Comofederarse.pdf\" target=\"_blank\">M\u00e1s informaci\u00f3n<\/a><\/li><li><\/li><\/ul>\n<\/div>\n\n\n\n<div class=\"wp-block-column is-layout-flow wp-block-column-is-layout-flow\">\n<h3 class=\"wp-block-heading\">Impresos temporada 2022\/2023<\/h3>\n\n\n\n<p><a href=\"https:\/\/luismaseda.com\/fma\/formularios-2022-2023\/\" data-type=\"page\" data-id=\"218\" target=\"_blank\" rel=\"noreferrer noopener\">Formularios 2022-2023<\/a><\/p>\n\n\n\n<p>El n\u00famero de cuenta bancaria de la Federaci\u00f3n Madrile\u00f1a de Ajedrez es&nbsp;<strong>ES38 2085 9288 1203 0004 6782 (Ibercaja)<\/strong><\/p>\n<\/div>\n<\/div>\n\n\n\n<div class=\"wp-block-columns is-layout-flex wp-container-core-columns-is-layout-9d6595d7 wp-block-columns-is-layout-flex\">\n<div class=\"wp-block-column is-layout-flow wp-block-column-is-layout-flow\">\n<h2 class=\"wp-block-heading\">Escuela de Ajedrez FMA<\/h2>\n\n\n\n<p>S\u00e1bados de 09:40h a 13:30h (presencial)<br>Mi\u00e9rcoles de 18:00h a 20:00h (online) Clases por niveles y edades.<br>Cursos trimestrales.<\/p>\n\n\n\n<ul class=\"wp-block-list\"><li><a rel=\"noreferrer noopener\" href=\"https:\/\/www.ajedrezfma.com\/fma\/escuela\/2022-2023\/EscuelaFMA2022-23.pdf\" target=\"_blank\">M\u00e1s informaci\u00f3n<\/a><\/li><li><a rel=\"noreferrer noopener\" href=\"https:\/\/docs.google.com\/forms\/d\/1OWk4Fly7mLZSQd2zQAFcnLaJOCCWP030czMNlwcInXA\" target=\"_blank\">Formulario de inscripci\u00f3n<\/a><\/li><\/ul>\n<\/div>\n\n\n\n<div class=\"wp-block-column is-layout-flow wp-block-column-is-layout-flow\">\n<h2 class=\"wp-block-heading\">Pr\u00e9stamo de material<\/h2>\n\n\n\n<p>Cualquier Club o Socio con licencia en vigor que quiera solicitar material de la Federaci\u00f3n Madrile\u00f1a de Ajedrez deber\u00e1 dirigirse a la siguiente direcci\u00f3n de correo electr\u00f3nico&nbsp;<a href=\"mailto:material@ajedrez.madrid\">material@ajedrez.madrid<\/a>&nbsp;con 15 d\u00edas h\u00e1biles de antelaci\u00f3n, haciendo constar el n\u00famero de juegos y relojes que necesiten as\u00ed como un correo o un tel\u00e9fono de contacto.<\/p>\n\n\n\n<ul class=\"wp-block-list\"><li><a rel=\"noreferrer noopener\" href=\"https:\/\/www.ajedrezfma.com\/fma\/varios\/2017\/2017_NormativaPrestamoMaterial.pdf\" target=\"_blank\">Normativa de pr\u00e9stamo de material<\/a><\/li><\/ul>\n<\/div>\n\n\n\n<div class=\"wp-block-column is-layout-flow wp-block-column-is-layout-flow\">\n<h3 class=\"wp-block-heading\">Protocolo de prevenci\u00f3n COVID-19 para entrenamientos y competiciones de la Federaci\u00f3n Madrile\u00f1a de Ajedrez<\/h3>\n\n\n\n<div class=\"wp-block-uagb-image uagb-block-1b5e9a91 wp-block-uagb-image--layout-default wp-block-uagb-image--effect-static wp-block-uagb-image--align-none\"><figure class=\"wp-block-uagb-image__figure\"><img decoding=\"async\" srcset=\"https:\/\/luismaseda.com\/fma\/wp-content\/uploads\/2022\/09\/chess_covid.jpg \" src=\"https:\/\/luismaseda.com\/fma\/wp-content\/uploads\/2022\/09\/chess_covid.jpg\" alt=\"Ajedrez - covid\" class=\"uag-image-252\" width=\"\" height=\"\" title=\"\"\/><\/figure><\/div>\n\n\n\n<ul class=\"wp-block-list\"><li><a rel=\"noreferrer noopener\" href=\"https:\/\/www.ajedrezfma.com\/fma\/competiciones\/2022_2023\/impresosTemporada\/AutorizacionCOVID19.pdf\" target=\"_blank\">Autorizaci\u00f3n<\/a><\/li><li><a rel=\"noreferrer noopener\" href=\"https:\/\/www.ajedrezfma.com\/fma\/competiciones\/2022_2023\/impresosTemporada\/ProtocoloSanitarioFMACOVID19.pdf\" target=\"_blank\">Protocolo (actualizado 22\/04\/2022)<\/a><\/li><\/ul>\n<\/div>\n<\/div>\n\n\n\n<hr class=\"wp-block-separator has-alpha-channel-opacity\"\/>\n\n\n\n<p>Esta es la p\u00e1gina de inicio, que deber\u00eda contener los siguiente apartados<\/p>\n\n\n\n<ul class=\"wp-block-list\"><li>\u00daltimas noticias<\/li><li>Informaci\u00f3n de inter\u00e9s<\/li><li>Redes sociales\n<ul>\n<li>&#8211; Facebook<\/li>\n<li>&#8211; Instagram<\/li>\n<li>&#8211; Twitter<\/li>\n<li>\u2013 Flickr<\/li>\n<\/ul>\n<\/li><li>Organizaci\u00f3n\n<ul>\n<li>Estatutos<\/li>\n<li>Reglamento de Disciplina Deportiva FMA<\/li>\n<li>Clubes de Madrid<\/li>\n<li>Elecciones<\/li>\n<li>Designaci\u00f3n de sedes<\/li>\n<li>Seguros FMA<\/li>\n<li>Registro de Entidades Deportivas<\/li>\n<li>Convenios FMA<\/li>\n<\/ul>\n<\/li><\/ul>\n","protected":false},"excerpt":{"rendered":"<p>Importante Liga 2022-2023 Distribuci\u00f3n por categor\u00edas Distribuci\u00f3n de equipos para el Campeonato de Liga por Equipos 2022\/2023 M\u00e1s informaci\u00f3n \u00bfC\u00f3mo federarse? M\u00e1s informaci\u00f3n Impresos temporada 2022\/2023 Formularios 2022-2023 El n\u00famero de cuenta bancaria de la Federaci\u00f3n Madrile\u00f1a de Ajedrez es&nbsp;ES38 2085 9288 1203 0004 6782 (Ibercaja) Escuela de Ajedrez FMA S\u00e1bados de 09:40h a 13:30h&#8230;<\/p>\n","protected":false},"author":1,"featured_media":0,"parent":0,"menu_order":0,"comment_status":"closed","ping_status":"closed","template":"","meta":{"_uag_custom_page_level_css":"","_kadence_starter_templates_imported_post":false,"_kad_post_transparent":"","_kad_post_title":"","_kad_post_layout":"","_kad_post_sidebar_id":"","_kad_post_content_style":"","_kad_post_vertical_padding":"","_kad_post_feature":"","_kad_post_feature_position":"","_kad_post_header":false,"_kad_post_footer":false,"footnotes":""},"class_list":["post-6","page","type-page","status-publish","hentry"],"uagb_featured_image_src":{"full":false,"thumbnail":false,"medium":false,"medium_large":false,"large":false,"1536x1536":false,"2048x2048":false},"uagb_author_info":{"display_name":"admin","author_link":"https:\/\/luismaseda.com\/fma\/author\/admin\/"},"uagb_comment_info":0,"uagb_excerpt":"Importante Liga 2022-2023 Distribuci\u00f3n por categor\u00edas Distribuci\u00f3n de equipos para el Campeonato de Liga por Equipos 2022\/2023 M\u00e1s informaci\u00f3n \u00bfC\u00f3mo federarse? M\u00e1s informaci\u00f3n Impresos temporada 2022\/2023 Formularios 2022-2023 El n\u00famero de cuenta bancaria de la Federaci\u00f3n Madrile\u00f1a de Ajedrez es&nbsp;ES38 2085 9288 1203 0004 6782 (Ibercaja) Escuela de Ajedrez FMA S\u00e1bados de 09:40h a 13:30h...","_links":{"self":[{"href":"https:\/\/luismaseda.com\/fma\/wp-json\/wp\/v2\/pages\/6","targetHints":{"allow":["GET"]}}],"collection":[{"href":"https:\/\/luismaseda.com\/fma\/wp-json\/wp\/v2\/pages"}],"about":[{"href":"https:\/\/luismaseda.com\/fma\/wp-json\/wp\/v2\/types\/page"}],"author":[{"embeddable":true,"href":"https:\/\/luismaseda.com\/fma\/wp-json\/wp\/v2\/users\/1"}],"replies":[{"embeddable":true,"href":"https:\/\/luismaseda.com\/fma\/wp-json\/wp\/v2\/comments?post=6"}],"version-history":[{"count":19,"href":"https:\/\/luismaseda.com\/fma\/wp-json\/wp\/v2\/pages\/6\/revisions"}],"predecessor-version":[{"id":564,"href":"https:\/\/luismaseda.com\/fma\/wp-json\/wp\/v2\/pages\/6\/revisions\/564"}],"wp:attachment":[{"href":"https:\/\/luismaseda.com\/fma\/wp-json\/wp\/v2\/media?parent=6"}],"curies":[{"name":"wp","href":"https:\/\/api.w.org\/{rel}","templated":true}]}}